er?
True
Is 1516805 composite?
True
Is 22679 a composite number?
False
Is 5737 composite?
False
Is 23159 a prime number?
True
Is 1540783 a prime number?
True
Is 3236711 prime?
True
Is 19541 prime?
True
Is 6947 a prime number?
True
Is 109639 a composite number?
False
Is 2627 a composite number?
True
Is 193507 a prime number?
True
Is 98561 a composite number?
False
Is 162247 prime?
False
Is 22951 a composite number?
True
Is 96323 a prime number?
True
Is 7113 composite?
True
Is 28115 prime?
False
Is 82781 a prime number?
True
Is 756489 a composite number?
True
Is 18301 prime?
True
Is 685765 a composite number?
True
Is 3581 composite?
False
Is 7541 composite?
False
Is 35071 a composite number?
True
Is 15877 a composite number?
False
Is 5273 a composite number?
False
Is 2199113 a composite number?
True
Is 3691 a prime number?
True
Is 2309 a prime number?
True
Is 168205 prime?
False
Is 487 a prime number?
True
Is 13619 a composite number?
False
Is 62507 composite?
False
Is 102587 a prime number?
True
Is 123763 composite?
True
Is 57733 composite?
True
Is 168347 composite?
False
Is 11855 a prime number?
False
Is 38543 composite?
False
Is 319673 composite?
False
Is 103001 a prime number?
True
Is 135173 prime?
True
Is 26591 prime?
True
Is 1268899 composite?
False
Is 18431 a composite number?
True
Is 4443 composite?
True
Is 594617 a prime number?
True
Is 154109 a composite number?
True
Is 5998 a prime number?
False
Is 224483 prime?
False
Is 6639 prime?
False
Is 1211897 composite?
False
Is 41717 a prime number?
False
Is 4443 composite?
True
Is 206581 prime?
False
Is 11953 a prime number?
True
Is 220273 a composite number?
True
Is 22367 prime?
True
Is 178943 prime?
False
Is 5963 a composite number?
True
Is 28586 a prime number?
False
Is 1759 a prime number?
True
Is 39251 composite?
False
Is 6673 composite?
False
Is 5147 composite?
False
Is 212737 prime?
False
Is 71581 a prime number?
False
Is 13499 composite?
False
Is 526571 a composite number?
False
Is 11923 a composite number?
False
Is 671501 composite?
False
Is 9527 prime?
False
Is 31767 a prime number?
False
Is 6407 a composite number?
True
Is 48157 composite?
False
Is 2333 a composite number?
False
Is 16741 a composite number?
False
Is 101765 composite?
True
Is 1879417 composite?
True
Is 6421 composite?
False
Is 2579 a prime number?
True
Is 11953 prime?
True
Is 103 prime?
True
Is 291545 composite?
True
Is 37085 composite?
True
Is 1478 a prime number?
False
Is 18667 composite?
True
Is 237751 composite?
True
Is 19831 prime?
False
Is 157513 composite?
False
Is 1403023 prime?
False
Is 79889 composite?
False
Is 31721 a composite number?
False
Is 111299 prime?
False
Is 278969 a prime number?
False
Is 5219879 a composite number?
True
Is 8849 prime?
True
Is 848885 prime?
False
Is 1007 composite?
True
Is 71387 a composite number?
False
Is 641642 composite?
True
Is 7993 prime?
True
Is 1073017 a composite number?
True
Is 3587 a composite number?
True
Is 276493 a prime number?
False
Is 629801 a prime number?
False
Is 5513 a prime number?
False
Is 610585 a composite number?
True
Is 29182 a composite number?
True
Is 583057 a prime number?
False
Is 68827 a composite number?
True
Is 1559329 a prime number?
True
Is 57637 prime?
True
Is 1531 a composite number?
False
Is 32273 prime?
False
Is 73847 a composite number?
False
Is 99469 prime?
True
Is 5731 a composite number?
True
Is 357281 prime?
True
Is 168943 composite?
False
Is 199919 a prime number?
False
Is 745715 prime?
False
Is 45361 composite?
False
Is 591053 prime?
True
Is 123797 a composite number?
True
Is 459403 composite?
True
Is 8391 a composite number?
True
Is 502 a prime number?
False
Is 11851 composite?
True
Is 16199 prime?
False
Is 25222 a composite number?
True
Is 73742 composite?
True
Is 21719 composite?
True
Is 1278523 prime?
False
Is 1259 prime?
True
Is 97837 a prime number?
False
Is 6457 prime?
False
Is 36101 a prime number?
False
Is 907 prime?
True
Is 26797 a composite number?
True
Is 19417 prime?
True
Is 23117 a composite number?
False
Is 372494 composite?
True
Is 14401 a composite number?
False
Is 17707 composite?
False
Is 520321 prime?
False
Is 13669 a composite number?
False
Is 18053 a composite number?
True
Is 11559 a prime number?
False
Is 8191 a prime number?
True
Is 34819 a prime number?
True
Is 15493 prime?
True
Is 3986 prime?
False
Is 14293 a prime number?
True
Is 14439 a prime number?
False
Is 406291 a prime number?
False
Is 6667 a composite number?
True
Is 58561 prime?
False
Is 1163 composite?
False
Is 11299 a composite number?
False
Is 473441 a composite number?
False
Is 150697 composite?
False
Is 36745 composite?
True
Is 867817 composite?
False
Is 4601 composite?
True
Is 4083 prime?
False
Is 7941 prime?
False
Is 4031 a composite number?
True
Is 7207 a composite number?
False
Is 17609 a composite number?
False
Is 2262499 prime?
True
Is 515 a composite number?
True
Is 22955 a prime number?
False
Is 41663 a composite number?
True
Is 155159 a composite number?
True
Is 10801 composite?
True
Is 6007 a prime number?
True
Is 22123 a composite number?
False
Is 17231 prime?
True
Is 56697 prime?
False
Is 4631 a prime number?
False
Is 5587 a composite number?
True
Is 154841 composite?
False
Is 205727 composite?
True
Is 231521 composite?
True
Is 24305 a prime number?
False
Is 5039 composite?
False
Is 613 a composite number?
False
Is 93355 prime?
False
Is 33683 a prime number?
False
Is 1144993 composite?
False
Is 976177 composite?
False
Is 75397 a composite number?
True
Is 35419 a composite number?
False
Is 28394 prime?
False
Is 34373 prime?
False
Is 344419 a prime number?
False
Is 535687 composite?
True
Is 504247 a prime number?
True
Is 79583 composite?
True
Is 1039999 prime?
True
Is 17279 a composite number?
True
Is 105439 composite?
True
Is 31013 composite?
False
Is 365561 prime?
False
Is 11233 composite?
True
Is 26453 a composite number?
True
Is 45751 composite?
False
Is 7642 a prime number?
False
Is 4790893 a prime number?
True
Is 2439443 a composite number?
False
Is 73153 a prime number?
False
Is 4859 a prime number?
False
Is 1041553 composite?
False
Is 4327 prime?
True
Is 34253 prime?
True
Is 99931 a composite number?
True
Is 89405 prime?
False
Is 874009 prime?
True
Is 46381 prime?
True
Is 4862219 a prime number?
True
Is 15511 composite?
False
Is 3251 composite?
False
Is 24571 a prime number?
True
Is 1531 prime?
True
Is 22693 composite?
True
Is 64667 a composite number?
False
Is 469457 a composite number?
False
Is 77443 a prime number?
False
Is 5147 composite?
False
Is 6941 prime?
False
Is 375289 a composite number?
True
Is 38147 a prime number?
False
Is 57719 prime?
True
Is 211103 a composite number?
True
Is 671 composite?
True
Is 30509 composite?
False
Is 26099 a composite number?
False
Is 601483 composite?
True
Is 743 a prime number?
True
Is 1481 composite?
False
Is 1117 prime?
True
Is 49351 a prime number?
False
Is 459983 prime?
False
Is 132674 a composite number?
True
Is 33951 prime?
False
Is 2062019 a prime number?
False
Is 6113 prime?
True
Is 3611 prime?
False
Is 9221 a prime number?
True
Is 63605 a prime number?
False
Is 312667 a composite number?
True
Is 1034933 composite?
True
Is 21001 a prime number?
True
Is 177623 a composite number?
False
Is 889589 a composite number?
False
Is 61423 composite?
True
Is 7 prime?
True
Is 192307 prime?
True
Is 13537 composite?
False
Is 58039 a prime number?
False
Is 22007 a composite number?
True
Is 26461 prime?
False
Is 141397 a prime number?
True
Is 157587 a composite number?
True
Is 262 prime?
False
Is 4882369 composite?
False
Is 580791 a composite number?
True
Is 318503 prime?
True
Is 126785 prime?
False
Is 8131 a composite number?
True
Is 624191 composite?
False
Is 49597 composite?
False
Is 9649 a composite number?
False
Is 19291 a composite number?
True
Is 86789 composite?
True
Is 6503 prime?
False
Is 979 a prime number?
False
Is 188219 composite?
True
Is 51929 a prime number?
True
Is 82769 a prime number?
False
Is 2081 prime?
True
Is 23395 a composite number?
True
Is 174387 a prime number?
False
Is 282481 a composite number?
False
Is 23761 a composite number?
False
Is 12011 a composite number?
False
Is 127787 prime?
False
Is 12071 prime?
True
Is 13963 a composite number?
False
Is 194647 a 